*m + 298, 3*m = -3*g + 237. What is the greatest common divisor of g and 42?
7
Let x(i) = -29*i - 1. Let m be x(1). Let k = m + 32. Let o be (19 - 3)/(k/5). Calculate the highest common factor of 100 and o.
20
Let c be -1222*(12*(-12)/90 - (-15)/25). What is the highest common factor of 78 and c?
26
Let s(c) = c**2 + c + 2. Let f be s(-3). Let r(d) = -97*d - 182. Let k be r(-2). Calculate the highest common factor of k and f.
4
Let o(r) = 6*r**2 - 4*r - 2. Let b be o(4). Suppose 51*p = -386*p + 187473. Calculate the highest common factor of p and b.
39
Let o(n) = -5*n + 175. Let m be o(34). Suppose 0 = m*l + 15, 64 = -6*t + 7*t - 5*l. Calculate the highest common divisor of 49 and t.
49
Suppose 127*c - 60*c - 1040 = 62*c. What is the highest common factor of c and 272?
16
Let a = -2519 - -2611. What is the greatest common factor of a and 3864?
92
Let p = 4 + 8. Let x be 565/(-10)*(-2 + 0). Let h = 173 - x. Calculate the highest common divisor of p and h.
12
Let z(r) be the first derivative of -r**4/4 - 2*r**3 + 3*r**2 + 15*r - 28. Let i be z(-7). Let c = -27 + 82. Calculate the highest common factor of c and i.
11
Let r(t) = -2*t - 23. Suppose 2*o - 32 = q, -4*q - o - 106 = 4. Let j be r(q). What is the greatest common divisor of 528 and j?
33
Suppose -i = -6 + 3. Suppose -4 = -3*y - 4*k, 5*y = -i*k - 0*k + 25. Suppose -3*z + 13 + y = 0. Calculate the highest common divisor of z and 35.
7
Suppose -4*j + 3*j + 5*t - 31 = 0, 0 = -j - t - 61. Let b be ((-41)/((-205)/(-30)))/(6/j). What is the greatest common factor of b and 14?
14
Suppose 49 = -11*m + 12*m. Calculate the highest common factor of m and 21.
7
Let o be 696/21 + 5/(-35). Let x(i) = i**2 - 14*i + 6. Let m be x(14). Suppose -m*n + 63 = -3. Calculate the highest common divisor of o and n.
11
Let w(d) = -20*d - 1692. Let n be w(-86). What is the highest common factor of n and 76?
4
Let d = -39377 + 39459. Calculate the greatest common factor of 2747 and d.
41
Suppose 0 = 4*s + 2*i - 3562, -s + 624 = -4*i - 244. What is the greatest common factor of s and 144?
24
Suppose 2744 = 5644*m - 5637*m. What is the greatest common divisor of m and 24?
8
Suppose -251*l - 1114 = -249*l. Let v = l - -887. Calculate the greatest common factor of 30 and v.
30
Let j be (70/(-15) + 4)*33/(-2). Suppose -4*f - 280 = -j*f. Calculate the greatest common divisor of f and 280.
40
Let q(b) = 49*b**2 - 87*b + 364. Let i be q(4). What is the greatest common factor of i and 20?
20
Let s be 13 - (-9 - (14 - -27)). Calculate the greatest common divisor of s and 153.
9
Let r = -6281 + 6355. Calculate the highest common divisor of 7141 and r.
37
Suppose -4*n - 45 = -345. Suppose 6 = -3*c, r - 2*c - 11 - 43 = 0. What is the greatest common factor of r and n?
25
Let f = -11649 - -12874. Calculate the highest common divisor of 1911 and f.
49
Suppose 165051 = 186*x + 28065 - 255846. What is the highest common divisor of 64 and x?
64
Suppose -3*h = -9, -p - 3*h = p - 15. Suppose -5*x - 10 = -p*f - 183, 212 = -4*f + 2*x. Let g = f - -71. What is the highest common divisor of g and 10?
10
Let w = -227 + 267. Let j = -18 + 21. Suppose -5*l + 490 = j*s - s, 2*l - 2*s = 210. Calculate the highest common factor of l and w.
20
Let i = 2954 + -1404. What is the highest common factor of i and 248?
62
Let m be 3 - (-264)/143 - (-4)/26. Suppose 12 = 3*s, -2*a + m*s + 22 - 2 = 0. What is the highest common divisor of a and 340?
20
Suppose 8*d - 13*d = -5*s + 2705, -2*s - 2*d + 1062 = 0. Calculate the highest common divisor of 8 and s.
8
Suppose -5*h - 520 = -4*v, -5*v + 9*v - 532 = 2*h. Suppose -8 = 2*r, 0*t + 4*t - 5*r - 200 = 0. Calculate the highest common factor of t and v.
45
Let w(m) = -m**3 - 116*m**2 - 113*m + 234. Let p be w(-115). Calculate the greatest common factor of 6332 and p.
4
Suppose -37 = -2*p - 5*m, 2*m = 7*m - 5. Let n(f) = -6*f**2 + 32*f - 2. Let b be n(5). What is the highest common divisor of p and b?
8
Suppose 20*s + 672 - 724 = -6*s. Calculate the greatest common factor of 119 and s.
1
Let f be (11 - 15) + -4 + 0. Let v be 63/(-4)*(8 + 96/f). What is the greatest common factor of 315 and v?
63
Let j = -168 + 33. Let n be (-21)/j*5 + (-2)/(-9). Let k be n*-4 - (-36)/1. Calculate the highest common divisor of 256 and k.
32
Let h be ((-360)/(-16))/(1/14). Let d be ((-180)/16)/((18/(-20))/(360/150)). Calculate the highest common divisor of d and h.
15
Suppose -2*h + 2054 = 1894. Calculate the highest common factor of 180 and h.
20
Suppose -r = -i + 522, -7*r - 15 = -12*r. Suppose 5*y + 253 = 2*u, -4*u + y - 46 = -i. Calculate the greatest common divisor of 17 and u.
17
Suppose 27*z - 18*z = 8325. Suppose -4*b + 11 = -z. What is the highest common factor of b and 52?
26
Suppose -2*q = -27 - 61. Let f be 55 + 1 - (-19 + 26) - (10 + -5). What is the greatest common divisor of f and q?
44
Let o(q) = -1 - 2 - 2 + q - 1. Let l be o(6). Suppose -17*b + 18*b - 17 = l. What is the highest common divisor of b and 85?
17
Let c(u) = -u**3 - 40*u**2 - 126*u + 234. Let d be c(-41). What is the greatest common divisor of 97 and d?
97
Suppose 5*d = 4*d + 5. Suppose -4*l - p - p + 12 = 0, p - 15 = -d*l. What is the highest common divisor of 48 and l?
3
Let i(t) = 347*t**2 + 14*t - 6. Let z be i(-4). What is the greatest common divisor of z and 360?
90
Let g(q) = 64*q + 8356. Let p be g(-127). What is the highest common factor of 8 and p?
4
Suppose -10*x - 12996 = -16096. What is the highest common factor of 3534 and x?
62
Suppose t = -3*h - 3*t + 14, 3*h = 5*t - 4. Suppose -16 = -3*i + 4*u, -5*u - 11 = -h*i - i. What is the highest common factor of i and 66?
6
Let y = -34190 + 68974. What is the greatest common factor of y and 32?
32
Let s be 6 + 4*3/12. Suppose s*p - 3*p - 99 = -i, -p + 30 = -5*i. Calculate the highest common factor of p and 425.
25
Let p be ((-9)/4)/(((-54)/48)/9). Suppose m + 5*q - 718 = 0, 2*m + 0*q - 1492 = 4*q. What is the greatest common factor of p and m?
18
Suppose o + 4*a - 576 = 34, -1790 = -3*o - 2*a. Calculate the greatest common factor of o and 2862.
54
Let k = 113 - 111. Suppose 0 = k*b - 13*b + 572. What is the greatest common divisor of b and 4?
4
Let y(c) = c**2 + 5*c - 5. Let x be y(5). Let s(d) = -d**3 + 31*d**2 - 35*d - 649. Let n be s(29). What is the greatest common factor of n and x?
9
Suppose 13 - 45 = -8*l. Suppose 0 = -3*m - 3*s + 228, -l*s - 13 = 3. What is the highest common divisor of 112 and m?
16
Let q = -197 - -311. Let a(y) = 15*y + 9. Let k be a(5). Let i be (-42)/k - ((-75)/2 + -1). Calculate the highest common divisor of i and q.
38
Suppose 36*s - 40*s + 1064 = 0. Suppose -s = 27*z - 1670. Calculate the highest common divisor of z and 130.
26
Let d = -1259 + 1299. Let s be (-30)/(9/(-36) - 2/8). What is the greatest common factor of d and s?
20
Suppose 7*j + 24 = 15*j. Suppose 0 = 3*k + j, -5*y + 60 = 7*k - 12*k. Let b(t) = 5*t**2 + 8*t + 3. Let l be b(-5). What is the highest common factor of y and l?
11
Let z = -5213 - -5365. What is the greatest common divisor of 28 and z?
4
Suppose 3*t = 54 + 168. Let v = t + -8. What is the highest common divisor of 6 and v?
6
Suppose 0 = 5*v + 5*c - 1934 - 1556, 4*v - 2*c - 2828 = 0. Calculate the greatest common divisor of v and 77.
11
Suppose 36*d = 112*d - 26655 - 53373. What is the highest common factor of 169 and d?
13
Let r(u) be the first derivative of 3*u**2/2 - 52*u + 34. Let a be r(26). Let w = -277 - -485. Calculate the greatest common divisor of w and a.
26
Let z = 13778 + -8864. Suppose 0 = -13*d - 0*d + z. Calculate the highest common divisor of 54 and d.
54
Suppose -3*y + 0 + 9 = 0. Let p be 2/(387/(-297)*6 + 8). What is the highest common divisor of y and p?
1
Suppose 11*a - 312 + 81 = 0. Let u(d) = -3*d**3 - 5*d**2 - 5*d - 2. Let i be u(-3). What is the highest common divisor of a and i?
7
Suppose -51 = -2*z - 39. Let l = -1 - 1. Let x be 3 - (-3 - l - z). Calculate the highest common divisor of x and 70.
10
Let w be (1 + (-3)/2)*-1004. Suppose 5*c - 87 = -w. Let r = 99 + c. What is the highest common factor of r and 40?
8
Let a be (0 - -1)/((-3)/(-27)). Let w = 86364 + -86328. Calculate the highest common divisor of w and a.
9
Suppose 4*u = -t + 411, -3*u + 318 = -477*t + 481*t. What is the highest common divisor o